{"id":100,"date":"2025-08-26T20:38:25","date_gmt":"2025-08-26T18:38:25","guid":{"rendered":"https:\/\/www.midtownlindyhop.se\/?page_id=100"},"modified":"2025-10-22T21:32:13","modified_gmt":"2025-10-22T19:32:13","slug":"kontakta-oss","status":"publish","type":"page","link":"https:\/\/www.midtownlindyhop.se\/?page_id=100","title":{"rendered":"Kontakta oss"},"content":{"rendered":"\n<p>Funderar du p\u00e5 n\u00e5got? H\u00f6r av dig till oss p\u00e5 <a href=\"https:\/\/www.facebook.com\/MidtownLindyHop\/\">Facebook<\/a>, <a href=\"https:\/\/www.instagram.com\/midtownlindyhop\/\">Instagram<\/a>, eller <a href=\"mailto:info@midtownlindyhop.se\">info@midtownlindyhop.se<\/a><\/p>\n\n\n\n<p><\/p>\n","protected":false},"excerpt":{"rendered":"<p>Funderar du p\u00e5 n\u00e5got? H\u00f6r av dig till oss p\u00e5 Facebook, Instagram, eller info@midtownlindyhop.se<\/p>\n","protected":false},"author":1,"featured_media":0,"parent":0,"menu_order":0,"comment_status":"closed","ping_status":"closed","template":"","meta":{"inline_featured_image":false,"footnotes":""},"class_list":["post-100","page","type-page","status-publish","hentry"],"_links":{"self":[{"href":"https:\/\/www.midtownlindyhop.se\/index.php?rest_route=\/wp\/v2\/pages\/100","targetHints":{"allow":["GET"]}}],"collection":[{"href":"https:\/\/www.midtownlindyhop.se\/index.php?rest_route=\/wp\/v2\/pages"}],"about":[{"href":"https:\/\/www.midtownlindyhop.se\/index.php?rest_route=\/wp\/v2\/types\/page"}],"author":[{"embeddable":true,"href":"https:\/\/www.midtownlindyhop.se\/index.php?rest_route=\/wp\/v2\/users\/1"}],"replies":[{"embeddable":true,"href":"https:\/\/www.midtownlindyhop.se\/index.php?rest_route=%2Fwp%2Fv2%2Fcomments&post=100"}],"version-history":[{"count":4,"href":"https:\/\/www.midtownlindyhop.se\/index.php?rest_route=\/wp\/v2\/pages\/100\/revisions"}],"predecessor-version":[{"id":290,"href":"https:\/\/www.midtownlindyhop.se\/index.php?rest_route=\/wp\/v2\/pages\/100\/revisions\/290"}],"wp:attachment":[{"href":"https:\/\/www.midtownlindyhop.se\/index.php?rest_route=%2Fwp%2Fv2%2Fmedia&parent=100"}],"curies":[{"name":"wp","href":"https:\/\/api.w.org\/{rel}","templated":true}]}}